at is the remainder when 309319 is divided by 61625?
1194
Calculate the remainder when 3005510 is divided by 55.
35
Calculate the remainder when 22209243 is divided by 72.
51
What is the remainder when 1026117 is divided by 1381?
34
Calculate the remainder when 194298424 is divided by 1107.
1105
Calculate the remainder when 33853747 is divided by 105.
67
Calculate the remainder when 10409334 is divided by 1057.
1055
Calculate the remainder when 5443046 is divided by 3135.
686
Calculate the remainder when 175486 is divided by 4344.
1726
What is the remainder when 29332037 is divided by 9465?
2
Calculate the remainder when 4440 is divided by 774.
570
What is the remainder when 4128153 is divided by 1387?
441
Calculate the remainder when 276399 is divided by 14547.
6
What is the remainder when 488288638 is divided by 240?
238
What is the remainder when 540414042 is divided by 1004?
1002
What is the remainder when 1038872226 is divided by 5087?
5086
What is the remainder when 815028 is divided by 1033?
1024
Calculate the remainder when 17139498 is divided by 54.
6
Calculate the remainder when 7198167 is divided by 17.
10
Calculate the remainder when 1083806 is divided by 121.
9
Calculate the remainder when 59858467 is divided by 7482307.
11
What is the remainder when 80283148 is divided by 86?
84
What is the remainder when 79578 is divided by 77659?
1919
What is the remainder when 740966 is divided by 309?
293
Calculate the remainder when 405141352 is divided by 18.
16
Calculate the remainder when 8615034 is divided by 80.
74
What is the remainder when 64925 is divided by 1496?
597
What is the remainder when 292665 is divided by 1076?
1069
What is the remainder when 709958 is divided by 177485?
18
What is the remainder when 193046900 is divided by 37?
29
Calculate the remainder when 8764131 is divided by 609.
12
What is the remainder when 44175325 is divided by 365?
105
Calculate the remainder when 18783277 is divided by 27.
25
Calculate the remainder when 136934560 is divided by 53.
50
What is the remainder when 1274808 is divided by 1273396?
1412
Calculate the remainder when 1966525 is divided by 1532.
969
What is the remainder when 1113530 is divided by 3549?
2693
Calculate the remainder when 18141683 is divided by 207.
203
What is the remainder when 23578 is divided by 1818?
1762
Calculate the remainder when 195425 is divided by 769.
99
What is the remainder when 3811752 is divided by 1270579?
15
Calculate the remainder when 107986375 is divided by 875.
0
What is the remainder when 51135263 is divided by 165?
113
What is the remainder when 4145439 is divided by 40?
39
What is the remainder when 31505 is divided by 2837?
298
What is the remainder when 6160102 is divided by 162103?
188
What is the remainder when 351317 is divided by 2816?
2133
Calculate the remainder when 86640 is divided by 1397.
26
Calculate the remainder when 35996294 is divided by 940.
874
Calculate the remainder when 1336295 is divided by 3072.
3047
What is the remainder when 92219985 is divided by 408053?
7
What is the remainder when 133191 is divided by 196?
107
What is the remainder when 3407109 is divided by 851744?
133
Calculate the remainder when 5339815 is divided by 141.
4
Calculate the remainder when 26656 is divided by 6382.
1128
What is the remainder when 5453602 is divided by 54?
34
Calculate the remainder when 233364 is divided by 144.
84
What is the remainder when 78500599 is divided by 109?
107
Calculate the remainder when 15868439 is divided by 945.
944
Calculate the remainder when 6644163 is divided by 316388.
15
What is the remainder when 48444071 is divided by 25?
21
What is the remainder when 1036209 is divided by 148015?
104
What is the remainder when 97716849 is divided by 35?
34
Calculate the remainder when 3947762 is divided by 19.
18
What is the remainder when 2128300 is divided by 817?
15
What is the remainder when 231334 is divided by 698?
296
Calculate the remainder when 87775 is divided by 1869.
1801
What is the remainder when 98435313 is divided by 172997?
20
What is the remainder when 30791599 is divided by 4419?
7
What is the remainder when 1259594377 is divided by 1990?
1987
What is the remainder when 18167959 is divided by 7273?
5
Calculate the remainder when 2471830 is divided by 325.
205
What is the remainder when 9516410 is divided by 19?
13
What is the remainder when 317373 is divided by 15867?
33
What is the remainder when 34215412 is divided by 86841?
58
What is the remainder when 1682382 is divided by 113?
38
Calculate the remainder when 60210908 is divided by 3010545.
8
Calculate the remainder when 599723 is divided by 119941.
18
What is the remainder when 1219406 is divided by 243875?
31
Calculate the remainder when 1467512 is divided by 6065.
5847
What is the remainder when 4123955 is divided by 112?
3
What is the remainder when 4943160 is divided by 247133?
500
What is the remainder when 2230360 is divided by 2230053?
307
What is the remainder when 84732 is divided by 159?
144
Calculate the remainder when 104335 is divided by 103.
99
Calculate the remainder when 392884 is divided by 55807.
2235
Calculate the remainder when 1595966 is divided by 16.
14
Calculate the remainder when 590435 is divided by 65595.
80
What is the remainder when 292848 is divided by 4505?
23
What is the remainder when 12825 is divided by 3060?
585
Calculate the remainder when 185274 is divided by 1910.
4
Calculate the remainder when 62805 is divided by 31121.
563
What is the remainder when 440549 is divided by 20927?
1082
Calculate the remainder when 20622479 is divided by 896629.
12
What is the remainder when 179142 is divided by 3313?
240
Calculate the remainder when 356069893 is divided by 2967249.
13
Calculate the remainder when 1348816 is divided by 58644.
4
Calculate the remainder when 360339 is divided by 2452.
2347
What is the remainder when 29070 is divided by 9565?
375
What is the remainder when 38120637 is divided by 32?
29
What is the remainder when 729069 is divided by 549?
546
What is the remainder when 857114 is divided by 82?
50
Calculate the remainder when 105207763 is divided by 15.
13
Calculate the remainder when 1295419 is divided by 431791.
46
What is the remainder when 14835072 is divided by 271?
261
Calculate the remainder when 2078488 is divided by 1722.
34
What is the remainder when 682405 is divided by 330?
295
Calculate the remainder when 5013544 is divided by 238740.
4
Calculate the remainder when 13766425 is divided by 19.
13
Calculate the remainder when 22943 is divided by 999.
965
What is the remainder when 471782 is divided by 31443?
137
Calculate the remainder when 61144 is divided by 12119.
549
Calculate the remainder when 91901 is divided by 22392.
2333
Calculate the remainder when 1153128 is divided by 164731.
11
Calculate the remainder when 250564 is divided by 2319.
112
What is the remainder when 3429227 is divided by 5443?
137
What is the remainder when 731852 is divided by 24?
20
Calculate the remainder when 1671208 is divided by 12855.
58
What is the remainder when 1046480 is divided by 523235?
10
Calculate the remainder when 496184 is divided by 15.
14
What is the remainder when 84333 is divided by 24059?
12156
What is the remainder when 747787 is divided by 9968?
187
What is the remainder when 35566017 is divided by 10703?
10651
Calculate the remainder when 19562074 is divided by 7421.
318
Calculate the remainder when 22129924 is divided by 1217.
1213
Calculate the remainder when 11746244 is divided by 1664.
68
What is the remainder when 370796794 is divided by 1100?
1094
What is the remainder when 62709029 is divided by 326?
321
What is the remainder when 15135026 is divided by 414?
14
Calculate the remainder when 84236 is divided by 3620.
976
Calculate the remainder when 21636 is divided by 832.
4
What is the remainder when 6552130 is divided by 3276060?
10
What is the remainder when 33433322 is divided by 231?
230
Calculate the remainder when 631141 is divided by 5635.
21
Calculate the remainder when 543911350 is divided by 195.
190
What is the remainder when 207258 is divided by 144?
42
What is the remainder when 27857593 is divided by 965?
938
Calculate the remainder when 7070769 is divided by 19641.
9
